mon factor of 8 and k.
4
Let u(v) = 6*v**2 + 6*v + 9. Let m be u(-3). Calculate the greatest common divisor of m and 18.
9
Let v(d) = -d. Let m(b) = -b + 4. Let f be m(7). Let r be v(f). Let x = 0 - -6. Calculate the greatest common divisor of x and r.
3
Let p(x) = -x**2 - 7*x - 5. Let m be p(-5). Suppose -5*b = 2*z + 239, -z - 2*z - 416 = -4*b. Let y = -92 - z. Calculate the greatest common divisor of y and m.
5
Let u be 12/10*(-20)/(-6). Suppose -10 = -t - u. Calculate the highest common divisor of 18 and t.
6
Let c(z) = 3*z**2 + 11*z + 6. Let f be c(-4). Suppose -5*u + 222 = 4*s + 26, 3*u + 4*s - 116 = 0. Calculate the greatest common divisor of u and f.
10
Suppose 4 = 5*r - 2*z - 2, 3*z - 16 = -5*r. What is the highest common divisor of 4 and r?
2
Let i be (-84)/63 - 26/(-6). What is the highest common divisor of 15 and i?
3
Let b be 3 + (4 - 1) - 2. Let t = 1 - 0. What is the highest common factor of t and b?
1
Let u = -12 + 11. Let k = 22 + u. Calculate the greatest common factor of k and 7.
7
Let f(j) = 2*j**2 + 8*j + 1. Let p be f(-4). Let r(i) = i**2 + 3*i + 3. Let x be r(-3). What is the highest common factor of x and p?
1
Let k be -1*(2 - 1)*-11. Let o = k - 3. What is the highest common factor of 32 and o?
8
Suppose -a - 1812 = -5*a. Let m = -317 + a. What is the greatest common factor of m and 17?
17
Let f(j) be the second derivative of j**4/12 - j**3/2 + j**2/2 + j. Let t be f(4). Let g = t - -3. What is the highest common factor of 64 and g?
8
Let r(v) = -v**3 - 9*v**2 + 6*v - 7. Let b be r(-10). Let n(c) = 2*c**2 - 6*c + 4. Let w be n(13). What is the highest common factor of w and b?
33
Let h = 2 + 2. Suppose 6 = -3*u - 4*f, -f + h*f = -4*u - 1. Suppose r + 117 = u*z - 5, z = r + 62. What is the greatest common divisor of z and 24?
12
Let k(w) = 5*w**3 - 4*w**2 + 2*w + 3. Let m = 28 + -25. Let g be k(m). What is the greatest common factor of g and 12?
12
Let q(g) = g - 5. Let y be q(7). Suppose y*v - 5*j = 18, 2*j - 27 = -3*v - 0*j. Calculate the highest common factor of v and 18.
9
Let c be -1 - (-5)/(10/72). Suppose -i = 5*k - 0*i - 31, 3*i + 47 = 5*k. What is the greatest common factor of k and c?
7
Let i(j) = 2*j - 3. Let t be i(4). Let r = 6 - t. Calculate the greatest common factor of 1 and r.
1
Let a = 82 - 30. What is the highest common factor of 13 and a?
13
Suppose -50 = -9*r + 4*r. Let m = 206 - 122. Let l be 0 + m + -4 + 0. What is the highest common divisor of l and r?
10
Let t(v) = -v**3 - 7*v**2 - 2. Let d be -2*((-18)/(-4) - 1). Let j be t(d). Let r be j*(-2)/6*3. Calculate the greatest common factor of 2 and r.
2
Let r = -7 - -13. Calculate the highest common divisor of r and 24.
6
Let x(w) = w + 19. Let r be x(-14). Suppose 4*t + 1047 = r*v, -5*v - 3*t = -2*t - 1032. What is the highest common factor of 23 and v?
23
Let s(m) = -m**2 - m + 1. Suppose -i + 3*i = -2. Let b be s(i). Let o be (-2)/(b/(39/(-6))). What is the highest common divisor of o and 104?
13
Let n = 211 + -96. Suppose 0 = 4*q - 127 + 35. Calculate the greatest common factor of q and n.
23
Suppose 0 = -j + c + 5, 2*j - 2*c - c - 11 = 0. Calculate the highest common factor of 36 and j.
4
Let y be -2 - (4/2 + 2). Let x = 2 - y. Calculate the greatest common divisor of x and 88.
8
Let y(t) = t - 2. Let f be y(4). Let s be 0 - (137/(-1) + f). Let q be (-122)/(-8) + (-2)/8. Calculate the greatest common divisor of s and q.
15
Let r = 80 - 59. What is the greatest common divisor of r and 21?
21
Suppose 20*p - 217 - 183 = 0. What is the greatest common factor of 220 and p?
20
Let q be (15/6)/((-2)/4). Let p = 9 + q. Let r = 100 - p. Calculate the highest common divisor of r and 12.
12
Let x = 7 - -5. Suppose 45 - x = 3*v. Let n = 7 - -4. Calculate the greatest common factor of n and v.
11
Let m be (0 + 1)/(1/91). Let c(u) = u**3 + 5*u**2 + u + 1. Let w be c(-4). Calculate the greatest common factor of w and m.
13
Suppose -2*g + 3*y + 151 = 0, -2*g - 3*y + 2*y = -163. What is the greatest common factor of g and 10?
10
Let z be 1 + 0 + 0 - 853. Let a be z/(-42) + (-4)/14. What is the greatest common factor of 10 and a?
10
Let p = 36 - 31. Calculate the highest common factor of 45 and p.
5
Let m(f) = -2*f + 6. Let o be m(5). Let d be (-62)/o + 1/2. What is the greatest common factor of 4 and d?
4
Let c(k) be the first derivative of -2*k**2 - 7*k - 1. Let l be c(-5). What is the greatest common divisor of 104 and l?
13
Let s(i) = -3*i - 2. Let d be s(-2). Suppose -207 = -d*o + 5*m, -3*m + 71 + 16 = 2*o. Suppose 32 = a - o. What is the highest common divisor of 32 and a?
16
Suppose 16 = -4*u, 3*r + 5*u + 5 = -9. What is the highest common divisor of 16 and r?
2
Suppose -q + 26 = -12. Calculate the greatest common divisor of 304 and q.
38
Suppose -42 = 6*z - 7*z. Calculate the highest common factor of z and 21.
21
Suppose 0 = 3*h + s - 28, 2*h = 5*s + 24 + 23. Let y = -189 + 266. What is the greatest common divisor of h and y?
11
Let m(w) = w - 3. Let i be m(0). Let p(a) = -a**2 - 5*a - 3. Let z be p(i). Calculate the highest common divisor of 3 and z.
3
Suppose 2*g = 4*h + 218, -3*h - 2*h = -g + 100. Calculate the highest common divisor of g and 23.
23
Suppose 5*u = -5*f + 10, 7*f + 5*u - 5 = 3*f. What is the highest common divisor of 15 and f?
5
Let x be (6/9)/((-4)/(-1296)). Let f = -151 + x. Let c = 93 - f. Calculate the greatest common divisor of c and 42.
14
Let s(z) = -15*z - 6. Let f be s(-7). What is the greatest common divisor of f and 11?
11
Suppose 18*b - 291 - 339 = 0. What is the greatest common factor of b and 14?
7
Suppose 4*l - 10 = 3*p + 6, 0 = 3*p - 12. Suppose 115 = 21*s - 32. What is the highest common factor of s and l?
7
Let y = 6 + 12. Let m = 15 - 9. Calculate the greatest common factor of y and m.
6
Let a = -46 + 64. What is the highest common factor of 72 and a?
18
Suppose 0 = -3*k + 15 - 3. Let w be (-2)/(7/2 - k). What is the highest common factor of w and 1?
1
Let s(o) = -o**3 - 7*o**2. Let h be s(-7). Let k be -5 + 4 + h + 5. What is the highest common divisor of 8 and k?
4
Let v = 85 + -64. Calculate the greatest common divisor of 6 and v.
3
Suppose -90 = -2*j - j. What is the highest common factor of 30 and j?
30
Let c = -126 - -134. What is the highest common factor of 8 and c?
8
Let z = -2 - -5. Let o(m) = 6*m**2 - z*m**3 + 0*m - 2*m - 5 + m**3 + m**3. Let p be o(5). What is the greatest common factor of 80 and p?
10
Let y be -6*(3/(-2) - -1). Let u be 5/((-22)/(-7) - y). Calculate the greatest common divisor of 14 and u.
7
Let z be -3 + (-13)/(-5) + 7010/25. Calculate the highest common divisor of 14 and z.
14
Let c be 25 + (4 - 6) + 1. Calculate the greatest common factor of 3 and c.
3
Let t = -19 - -44. What is the greatest common divisor of t and 5?
5
Let g = 9 + -6. Suppose 2*w + 365 = 7*w. Suppose 0*v - 4*v = -3*b - w, -4*v = g*b - 55. What is the highest common divisor of 8 and v?
8
Let p be (1 - -2)/6*4. Let d be (1 - 1) + 330/p. Let w = d + -93. Calculate the greatest common factor of 8 and w.
8
Let d = -30 + 13. Let c = 47 + d. Calculate the greatest common divisor of c and 12.
6
Let w be (-5 - 0)*((-193)/5 + -3). What is the greatest common factor of 26 and w?
26
Suppose 3*f - 2*k = -k + 202, 190 = 3*f + 2*k. Let t be (-1)/(-2) - 21/(-6). Suppose -5*v - t = -34. What is the highest common divisor of v and f?
6
Let j(u) = 3 - 4 - 1 + 2*u - 4. Let i be j(4). Suppose -o + 0*x = -i*x - 6, 5*x - 12 = -2*o. What is the greatest common divisor of 18 and o?
6
Suppose -107 = -2*k + 25. Let j(h) be the third derivative of h**4/3 - 2*h**3/3 + 2*h**2. Let c be j(6). Calculate the highest common divisor of c and k.
22
Suppose -n - 3*n = -40. What is the greatest common factor of 50 and n?
10
Let i(q) = -q + 6. Let z be i(3). Suppose 0 = c - 4*a + 3, 0*c - 3*a = -3*c. What is the highest common factor of c and z?
1
Let j = -29 - -32. Let m = -9 + 15. Calculate the greatest common divisor of m and j.
3
Let k(f) = -f**2 - 9*f + 4. Suppose 0 = 5*r - 2*r + o + 19, -2*o = -4*r - 42. Let v be k(r). Calculate the highest common factor of v and 60.
12
Let g(q) = q**3 - 9*q**2 + 9*q + 10. Suppose -5*z - c = -4*c - 37, -2*z = 2*c - 18. Let d be g(z). What is the highest common divisor of d and 72?
18
Let u be (-3)/((-3)/9 + 0). S